72012 and 132?
12
What is the highest common factor of 2470 and 47500?
190
Calculate the highest common factor of 505494 and 3542.
506
Calculate the highest common divisor of 528 and 9108.
132
Calculate the highest common divisor of 7645136 and 32.
16
Calculate the highest common factor of 1008997 and 319.
319
Calculate the highest common divisor of 58485 and 30.
15
Calculate the greatest common factor of 266 and 955871.
133
What is the greatest common factor of 281468 and 352?
44
What is the greatest common factor of 4568432 and 176?
176
What is the greatest common divisor of 5 and 3540?
5
What is the highest common divisor of 3936819 and 114?
57
What is the greatest common divisor of 318790 and 4118?
142
Calculate the highest common divisor of 12201 and 9.
3
What is the highest common factor of 86373 and 7749?
189
What is the highest common factor of 3172 and 54730?
26
Calculate the highest common divisor of 1203 and 2.
1
What is the greatest common divisor of 491447 and 473?
473
Calculate the greatest common factor of 68 and 23817.
17
What is the greatest common divisor of 280 and 405888?
56
Calculate the greatest common factor of 4020694 and 146.
146
What is the highest common divisor of 6804 and 112?
28
What is the greatest common factor of 1488 and 942?
6
Calculate the highest common divisor of 374874 and 172.
86
What is the highest common divisor of 27864 and 14190?
258
What is the highest common divisor of 25038 and 143?
13
What is the highest common divisor of 42999 and 231?
33
Calculate the highest common divisor of 22427 and 82.
41
Calculate the highest common divisor of 9891 and 1323.
63
What is the greatest common factor of 456190 and 154?
14
What is the highest common divisor of 715 and 113971?
143
What is the greatest common divisor of 7480 and 1?
1
What is the greatest common factor of 888360 and 1540?
220
What is the greatest common factor of 28 and 2097074?
14
What is the highest common divisor of 300416 and 128?
128
What is the highest common divisor of 21175 and 2275?
175
What is the highest common divisor of 732 and 16763532?
732
Calculate the greatest common factor of 24000 and 1557600.
2400
Calculate the greatest common factor of 24 and 946212.
12
Calculate the greatest common factor of 136 and 2645132.
68
What is the highest common factor of 182 and 1974?
14
What is the greatest common factor of 1160 and 105850?
290
What is the highest common divisor of 208 and 172?
4
What is the greatest common factor of 9296 and 156040?
664
Calculate the greatest common factor of 91872 and 29.
29
Calculate the greatest common divisor of 273 and 27518673.
273
What is the highest common factor of 1427524 and 28?
28
What is the greatest common factor of 630531 and 2178?
1089
What is the greatest common factor of 7675 and 16271?
307
What is the highest common divisor of 2425 and 2150?
25
Calculate the highest common divisor of 3584 and 30394.
14
What is the highest common factor of 551808 and 792?
72
What is the highest common divisor of 7598 and 44167?
29
What is the highest common factor of 2263 and 156023?
31
Calculate the highest common factor of 8030 and 1804.
22
What is the greatest common divisor of 13 and 219999?
13
What is the greatest common divisor of 76722 and 152?
38
Calculate the highest common divisor of 102 and 5502.
6
What is the greatest common factor of 103709 and 274?
137
What is the greatest common factor of 6262 and 26866?
202
Calculate the greatest common factor of 1701 and 15547.
7
Calculate the greatest common factor of 597 and 9.
3
Calculate the highest common divisor of 2665 and 2639.
13
What is the greatest common divisor of 2831248 and 14?
14
Calculate the greatest common divisor of 400 and 38900.
100
Calculate the highest common divisor of 9399 and 247.
13
Calculate the highest common divisor of 17168 and 377.
29
What is the greatest common factor of 31195 and 3303?
367
What is the highest common factor of 37965 and 225?
15
What is the greatest common factor of 2610 and 162?
18
Calculate the greatest common divisor of 136 and 143856.
8
Calculate the highest common divisor of 24852 and 7068.
228
What is the highest common factor of 270075 and 6?
3
Calculate the greatest common factor of 24 and 340296.
24
Calculate the greatest common factor of 2485 and 24992.
71
What is the highest common divisor of 5616 and 2015?
13
Calculate the greatest common factor of 28623 and 966.
21
What is the greatest common divisor of 100481 and 195317?
1129
What is the highest common divisor of 177735 and 4305?
615
Calculate the greatest common divisor of 536424 and 14.
14
Calculate the highest common divisor of 261189 and 81.
9
Calculate the greatest common divisor of 238236 and 24.
12
What is the highest common divisor of 8279 and 306?
17
Calculate the greatest common factor of 26450 and 61364.
1058
What is the greatest common factor of 4263 and 17493?
147
What is the highest common factor of 16833 and 930?
93
Calculate the greatest common factor of 159450 and 450.
150
What is the greatest common factor of 116 and 20300?
116
Calculate the highest common divisor of 88 and 11803.
11
Calculate the greatest common divisor of 11371 and 83.
83
Calculate the greatest common divisor of 4488 and 77928.
408
Calculate the highest common divisor of 36 and 10134.
18
What is the highest common factor of 327 and 816628?
109
Calculate the greatest common divisor of 595 and 44065.
35
Calculate the greatest common factor of 4485 and 2301.
39
What is the highest common factor of 16115 and 39105?
55
What is the greatest common divisor of 52 and 178178?
26
Calculate the highest common factor of 893 and 176532.
47
Calculate the highest common factor of 12 and 1342332.
12
Calculate the greatest common factor of 20 and 147310.
10
Calculate the greatest common divisor of 374307 and 3.
3
What is the greatest common divisor of 32 and 791968?
32
What is the highest common factor of 44 and 2222?
22
What is the greatest common factor of 14520 and 37290?
330
What is the highest common divisor of 50024 and 416?
104
What is the highest common divisor of 39 and 21892?
13
Calculate the greatest common divisor of 570276 and 2108.
124
What is the greatest common divisor of 504 and 12488?
56
Calculate the greatest common factor of 1320 and 68660.
20
What is the greatest common divisor of 568605 and 240?
15
Calculate the highest common divisor of 526 and 848438.
526
Calculate the greatest common divisor of 42 and 140280.
42
Calculate the greatest common divisor of 817 and 146673.
43
What is the greatest common factor of 2241 and 2?
1
Calculate the highest common factor of 520 and 1768.
104
Calculate the highest common factor of 256 and 44672.
128
Calculate the greatest common factor of 175504 and 32.
16
What is the highest common divisor of 119 and 2691780?
119
Calculate the greatest common factor of 1659 and 69027.
21
Calculate the greatest common factor of 294 and 3626.
98
Calculate the highest common divisor of 18312 and 1400.
56
What is the greatest common factor of 75 and 35115?
15
Calculate the highest common factor of 56225 and 50.
25
What is the greatest common factor of 39056 and 1552?
16
Calculate the greatest common factor of 7 and 94275.
1
What is the highest common factor of 297119 and 79?
79
Calculate the highest common factor of 18 and 148734.
18
What is the greatest common divisor of 49050 and 18639?
981
What is the greatest common divisor of 1860 and 132432?
372
What is the highest common divisor of 12705 and 1905?
15
What is the greatest common factor of 157 and 102521?
157
Calculate the highest common factor of 18460 and 6630.
130
Calculate the greatest common factor of 972040 and 570.
190
Calculate the highest common divisor of 163290 and 690.
30
Calculate the highest common divisor of 15159 and 24025.
31
What is the greatest common factor of 160 and 6280?
40
Calculate the highest common divisor of 11154 and 4576.
286
Calculate the highest common factor of 512 and 5408.
32
Calculate the highest common divisor of 145590 and 8970.
690
What is the greatest common factor of 1289160 and 240?
120
Calculate the greatest common factor of 1710 and 4540.
10
Calculate the highest common factor of 508 and 20.
4
What is the highest common divisor of 47 and